2 + 2/3*x**3 - 2/15*x**5 + 0*x - 1/120*x**6 + 0. List the prime factors of i(-8).
2, 3
Let q(c) = c**3 + 2*c**2 + c - 2. Let n be q(-2). Let z(h) = -h + 1. List the prime factors of z(n).
5
Let b be 1/(-3) + 68/6. Suppose -n + 3*m - 4*m = 7, 0 = 5*m. Let l = n + b. List the prime factors of l.
2
Suppose 6*q = 4*q - 78. Let a = q + 58. What are the prime factors of a?
19
Let n(f) = f + 12. Let s be n(-10). Suppose -s + 10 = 4*h. What are the prime factors of h?
2
Suppose -2*z + 7 = 1. Let c(g) = -z*g - 2 + 5 - 4. What are the prime factors of c(-2)?
5
List the prime factors of -3 + (-9)/(-4 + 3).
2, 3
Let w be (-5 + 1)*(2 + 1). Suppose 4 = -2*p - 4. What are the prime factors of -2 - w - (-2 - p)?
2
Suppose -a - 95 = -2*i, i - 3*a = a + 30. Suppose -w + i = 5*n - 0*w, 3*w + 30 = 5*n. List the prime factors of -2*3*(-15)/n.
2, 5
Let m = 16 - 5. Let r = 21 - m. What are the prime factors of r?
2, 5
Let o(b) = 2 + b + 10 - 4*b**2 - 4 - 2*b**3 - 5. List the prime factors of o(-3).
2, 3
Suppose 5 + 7 = -4*z. Let t be 3 + (-5)/(-1) + z. Suppose -80 = -0*j - t*j - 2*x, 4*j = 4*x + 36. What are the prime factors of j?
2, 7
Suppose f + 2 = 6. What are the prime factors of f/(4/25) + -3?
2, 11
List the prime factors of 2 + (1 - (-1 - (3 - -45))).
2, 13
Let d(r) = -1 - 4 - 6*r + 1 - 6. Let i be d(-7). Suppose -3*b - 3*k = -30, -4*k = 5*b - 5*k - i. List the prime factors of b.
7
Suppose 9*k = 10*k - 103. List the prime factors of k.
103
What are the prime factors of 89 + (-4 - 1) + 1?
5, 17
Let x(r) = 2*r**2 - 3*r + 1. Let v(d) = -d**2 + 4*d + 7. Let y be v(5). Let c be x(y). Suppose o = -c*o + 12. What are the prime factors of o?
3
Let h(y) = -53*y. Let w be h(-1). Let m = 78 - w. Let t = m - 11. What are the prime factors of t?
2, 7
Let h(o) = -12*o**3 + o. Let d be h(-1). Suppose -7*w - 68 = -d*w. List the prime factors of w.
17
Let f(s) = s**2 + 2 + 4*s - 6 - 5*s + 3*s. What are the prime factors of f(-6)?
2, 5
Let g be (-1*2)/(6/3). Let t(u) = -7*u**2 - u + 1. Let i be t(1). What are the prime factors of ((3 + -2)*i)/g?
7
Suppose 5*b - b + 236 = 0. Let c = 84 + b. List the prime factors of c.
5
Let i = 1 - -4. Suppose 0 = -i*o - 0*o. Suppose o = -5*d - 29 + 79. List the prime factors of d.
2, 5
Let h = 18 - -20. List the prime factors of h.
2, 19
Let n(r) = r - 1. Let d = 15 + -9. Let z be n(d). Let w = z - 1. List the prime factors of w.
2
Let o be 34/(-4) + (-1)/2. Let q(f) be the first derivative of f**4/4 + 10*f**3/3 + 7*f**2/2 - 4*f - 10. List the prime factors of q(o).
2, 7
Let c = 13 + -9. Suppose 3*f - o - 89 = o, -c*o - 4 = 0. What are the prime factors of f?
29
Let q = 1 - -1. Suppose 3*z - 21 = -2*v, 2*z + q*v + 6 = 20. List the prime factors of z.
7
Let d(a) be the first derivative of a**3 + 2*a**2 - a - 7. What are the prime factors of d(-4)?
31
Let p(w) = -w**3 + 5*w**2 - 5*w + 6. Let z be p(4). List the prime factors of 1/z*0 - -3.
3
Suppose -2*r = -37 - 129. List the prime factors of r.
83
Let d(q) = q**2 + q - 2. Let t(h) = -4 - h - 2 + 5. Let y be t(-3). List the prime factors of d(y).
2
Let s(h) = 170*h**2 - 2*h + 2. What are the prime factors of s(1)?
2, 5, 17
What are the prime factors of 2/(-4) + (-492)/(-8)?
61
Let z(t) = t**3 + t + 6. Let k be z(0). List the prime factors of (k - 8) + (-22)/(-1).
2, 5
Let u be 183/(-21) - (-2)/(-7). Let p = 7 + u. What are the prime factors of 2/(-4) + (-13)/p?
2, 3
Let b(g) = g**3 + 17*g**2 + 11*g - 25. List the prime factors of b(-15).
2, 5, 13
Let o(d) = d**3 - 4*d**2 + 2*d - 1. Let a be o(4). Suppose -10 = 2*k - a*k. List the prime factors of k.
2
Suppose 5*z = 3*z + 2. What are the prime factors of z + -4 - (-14 + -2)?
13
Suppose 5*q = 2*q - 3. Let g(p) be the first derivative of 2*p**3/3 - p**2 - p - 4. List the prime factors of g(q).
3
Suppose 0*h + 9 = n - h, 4*n - 1 = -3*h. Let g(y) = -y**3 + 4*y**2 - y + 5. Let m be g(n). List the prime factors of -2 + (17 - 1)/m.
2, 7
Suppose 4*c = -2*t - 20, -c + 2*t = 4*c + 16. Let i = c - -6. List the prime factors of -1 - -3 - i - -12.
2, 3
Suppose -m = -0*m + 2. What are the prime factors of 0 + -2 - (-19 + m)?
19
Let m(f) = -6*f + 12. What are the prime factors of m(-10)?
2, 3
Let u(z) = -z**3 + 14*z**2 + 2*z - 11. What are the prime factors of u(14)?
17
Let b(f) = 1 + 2*f**2 + f**3 - 3 - 6*f + 2*f**2. What are the prime factors of b(-5)?
3
Let w be 8/(-3)*(-2 - -5). Let s = w - -17. List the prime factors of s.
3
Let z(n) = -6*n. Let x be z(-1). Suppose 5*w - x*w + 12 = 0. Suppose -3*m + w = -0*m. List the prime factors of m.
2
Let f(o) = -9*o**3 - 1. List the prime factors of f(-1).
2
Let m = 1 + 2. Suppose m*w - 5*x - 12 = -3, -3*x = -5*w + 15. List the prime factors of w.
3
List the prime factors of 35/105 + 2/((-12)/(-1294)).
2, 3
Let a(w) = -w - 1. Let q be a(-6). Suppose 0 = k - q*k + o + 72, 3*k - o = 55. List the prime factors of k.
17
Let x = -59 - -147. Suppose -3*c - c = -x. Let k = c + -14. List the prime factors of k.
2
Suppose 5*w - 81 = 114. What are the prime factors of w/(-6)*(-30)/5?
3, 13
Suppose 12*n + 1132 = 16*n. List the prime factors of n.
283
Let q = -32 - -131. List the prime factors of q.
3, 11
Suppose -5*m - 3 = 12. Let u be (m/2)/(12/(-112)). What are the prime factors of u/4*(5 + -3)?
7
Let z be -1 + -1 - (8 + -22). Let s = 14 - z. What are the prime factors of s?
2
Let j = -13 + 17. Suppose -10 = -j*u - u. What are the prime factors of u?
2
Let o be (-354)/(-7) - 36/(-84). Suppose -5*c + 2*c + o = 0. List the prime factors of c.
17
Suppose -2*o - 2016 = -9*o. What are the prime factors of o?
2, 3
Let q(y) = -3*y + 1. List the prime factors of q(-16).
7
Let i = 11 - 19. Let o be 4/i + 9/2. Suppose -o = 4*c - 36. List the prime factors of c.
2
Let w(n) = -14*n + 5. Let i(k) = 28*k - 10. Let v(f) = -6*i(f) - 15*w(f). Let z(t) = -6*t + 2. Let m(b) = -2*v(b) - 15*z(b). What are the prime factors of m(1)?
2, 3
What are the prime factors of (-2 - 4)/(-3) - (-2 + -30)?
2, 17
Let s(x) = -7*x - 35. What are the prime factors of s(-21)?
2, 7
Let h = -31 - 297. List the prime factors of h/(-18) - (-4)/(-18).
2, 3
Let y be (12/4)/(1/2). Let n(w) = -w**3 + 5*w**2 + 7*w + 4. List the prime factors of n(y).
2, 5
Suppose q - 201 = -3*v, v - 42 = -5*q + 25. List the prime factors of v.
67
Suppose 2*y - 10 = -0. Let o be (2 - 1) + 1/(-1). Suppose 0 = t + 4*i + i - 24, y*i - 20 = o. List the prime factors of t.
2
Let k = -36 - -46. What are the prime factors of k?
2, 5
Suppose -3*p + 0*k + 2*k = -10, -4*k = -p. Let m = p - -2. List the prime factors of m.
2, 3
Let h = -7 - -7. Suppose h = 2*i - 0*i - 28. What are the prime factors of i?
2, 7
Let i be (-3)/(-7) + 862/14. Suppose -5*k = f - 30, -5*f - 6*k + 3*k + i = 0. What are the prime factors of f?
2, 5
Suppose 4*v = 5*v - 2. Suppose v*f = f + 2*j + 9, f + 5*j = 2. What are the prime factors of f?
7
Let b(z) = -z**2 + 10*z + 2. Let y be b(10). Suppose 0 = -4*s - 20, -s = -y*p + 5 + 18. What are the prime factors of p?
3
List the prime factors of (174/1)/((-3)/(-2)) - -3.
7, 17
Let p = 21 + -13. What are the prime factors of p?
2
Suppose v - 24 = 9. What are the prime factors of v?
3, 11
Suppose 0*a = -3*a + 60. Suppose 2*z = -2*z + a. Suppose -x + z = -2. List the prime factors of x.
7
Suppose 0*w + 54 = t - 3*w, 4*t - 152 = -4*w. Suppose -u + t = -2*l, 3*u + u = l + 140. List the prime factors of u.
2, 17
Suppose -4*s + 0*s + 544 = 0. List the prime factors of s.
2, 17
Let i(r) = -7*r + 3*r**2 - 9*r + 15*r. Suppose 3*p - 17 = -4*b, 3*b - 12 = -0*b - 2*p. List the prime factors of i(b).
2, 5
Let l(b) = -b**2 - 5*b - 6. Let q be l(-5). Let j be (-30)/(-9)*q/(-5). List the prime factors of j/6 - 22/(-3).
2
Suppose -3*t + j + 10 = 2, 2*t + 2*j = 16. Suppose 33 = -t*y - 35. Let n = y - -30. What are the prime factors of n?
13
Let z = -8 + 13. Suppose -z*c = -c - 156. List the prime factors of c.
3, 13
Suppose -1 = -b + 5. Suppose -3*t + t = -b. Let x = 15 - t. What are the prime factors of x?
2, 3
Let z be (2 - 8/3)*-3. Suppose 2*l - 8 = z. List the prime factors of l.
5
Suppose 14 + 14 = 4*i. Let s(o) = o**3 - 8*o**2 + 9*o - 8. What are the prime factors of s(i)?
2, 3
Let s = 5 + -2. Suppose 5*b - s*y - 75 = -0*y, 2*y - 82 = -4*b. Let v = b - 10. What are the prime factors of v